-239 - 187)?
39
What is -7 + (5 - 0 - (501 - 487 - (1 + -7)))?
-22
What is 15 + (44 - 26) - 115 - -19?
-63
What is the value of (-3 - 35) + (40 - (18 - -22))?
-38
What is the value of -6 + 0 - (-492 - -475) - (3 + 7)?
1
Evaluate 129 + (-74 - -24) - -46.
125
6 - (-42 + -37 - -86)
-1
What is 61 - (-54 - -43 - -37)?
35
Evaluate -2 - 2 - ((-31 - (6 - 40)) + 4) - 12.
-23
40 + -51 + (18 - 10)
-3
What is the value of 18 + 0 + -15 + -34 + 42 + 13?
24
What is -803 + 748 + (-5 - -6)?
-54
(-120 - -91) + (0 - -18) + (51 - 3)
37
-73 + 9 - (7 + 21 - (-15 - -30 - 2))
-79
Calculate -57 - ((0 - 16) + (-310 - -283) + 21).
-35
What is (5 - (-32 + -1)) + -103?
-65
-54 + (1 + 2 - 5) + (1906 - 1913)
-63
What is the value of -1 + -2 + 13 + 38 + 2?
50
What is the value of (30 - (21 + 10)) + -13 + -98?
-112
What is the value of -1 + -106 - (-16 + -32 + 49 - -11)?
-119
What is the value of 1 + 6 - (1065 - 1050)?
-8
Evaluate -4 + (18 - (-5 - 3) - 17).
5
Calculate 42 - ((-1 - -28) + -18 - 9 - -4).
38
What is the value of 7 + 42 - 62 - -20?
7
What is (-63 - (6 - 26)) + -23 + (23 - 7)?
-50
Calculate -9 + -3 + 6 + -5 - (-24 + (-3 - 13)).
29
Evaluate -117 - (-37 + (31 - 81)).
-30
What is -1 + -1 + 23 + -151 + 168?
38
What is -1 - 3 - ((13 + -1 - (-167 - -173)) + 44)?
-54
Evaluate (99 + -96 - -69) + 22.
94
2 + -66 + 0 - (-13 + (-7 - (13 + -33)))
-64
Calculate -21 - -94 - 57 - (11 - 2).
7
-9 - ((4 - (-15 + -1 - (3 + -27))) + -48)
43
(-1 - 55 - -1) + (-255 - (290 + -528))
-72
Evaluate -13 - ((22 - 22 - 50) + 27).
10
Evaluate -53 + 22 + 13 + (9 - 56).
-65
3 + (-6 - -5) + 4 - ((-34 - -9) + 11)
20
72 + -83 + 4 - (3 + (11 - 2))
-19
10 - ((-47 - -37 - 2) + -1 + -25)
48
What is 237 + -266 - ((6 - 3) + 0 - 9)?
-23
Calculate (-14 - (-15 - -17) - -4 - (-33 + 3)) + -8.
10
What is the value of 4 - ((3 - (12 - 3)) + 8 - 11)?
13
Evaluate (52 - (-1 + 44)) + -2 + 1 + -19 - 16.
-27
Evaluate (1 - -2) + (-17 - (2 + 34)) - (51 - 53).
-48
What is -8 + (-14 - -19 - 6 - (2 - -83))?
-94
Calculate -66 + -3 + 7 + (9 + -3 - 5) + -6.
-67
What is -21 + -5 + (-9 - -33) + 38?
36
What is (171 + -251 - -77) + (3 - 2) + -9?
-11
Evaluate (-2 - -4) + -92 + 132 + -48.
-6
What is 5 + -11 + 359 + -427?
-74
Evaluate (12 + -83 - ((0 - 0) + (-43 - -41))) + -4.
-73
(-8 - -4) + (-8 - -13) + (47 - 3)
45
Calculate -26 - (-79 + 1 - (882 - 848)).
86
What is the value of 41 + (7 - 34) + -126 + 7?
-105
Calculate -13 + 1 + -3 - ((-77 - -130) + -35).
-33
Calculate -25 + -11 + 20 - -1.
-15
-29 + 8 + 103 - (-13 + 27)
68
What is the value of -1 - (4 - (4 + 5 - (28 + -8)))?
-16
What is the value of (5 - -1) + 8 + (1 + (1 - -17) - 9)?
24
What is (-30 + 31 - (23 + (7 - 12))) + 8 + -1?
-10
What is (5 - 62) + (-43 - -37) + 12?
-51
What is -87 - (-2 - (-9 + 8 - (14 + -11)))?
-89
What is the value of 2 - 27 - (69 + -19 + -35)?
-40
What is the value of (-39 + 18 + 17 + -14 - 14) + (3 - 0)?
-29
-50 - (0 + (13 - (4 - 5) - 16) + -3)
-45
Calculate (0 - -4) + (27 - 7 - 2 - (9 + -24)).
37
Evaluate -57 - -15 - (5 + -44) - 27.
-30
What is the value of 26 + ((6 - -2) + -3 + 18 + -20 - 19)?
10
What is the value of 1 + -24 + (29 - (-6 + 17))?
-5
What is 238 + -439 + 78 + (7 - -2)?
-114
Evaluate -115 - (-76 + 150 + -86 + (1 - 3 - 0)).
-101
What is (18 - 29 - -32) + -18?
3
Evaluate 0 + (-2 - (6 - 12)) + -3 + 8 + -1.
8
Calculate 63 - (56 - (46 - 63)).
-10
Evaluate 20 + (-17 - -2) + -19 - 5.
-19
Evaluate (-1 - 0) + (-123 - -148) + -30.
-6
What is the value of 34 + -46 + -69 + 0 - -24?
-57
Evaluate (1 - 13) + 10 + -21 + (1 - 27).
-49
Evaluate -24 + (42 - 1) + 36.
53
What is the value of 107 - (291 - (254 + -122))?
-52
-29 - (-22 - 9) - (-11 - -59)
-46
Evaluate (-6 - -2 - (317 - 314)) + 18 - 53.
-42
What is -55 + 58 - (6 + 18 - 7)?
-14
(62 - 50) + (-4 - 1) - (-1 + -20)
28
What is the value of 296 + -14 + -121 - (0 - -32)?
129
What is the value of -34 - (-20 + (34 - 21))?
-27
What is the value of -11 + (-2 + 38 + -28 - (3 + 46 + 4))?
-56
Calculate -7 + (78 - 7) + 1 + -6.
59
What is the value of -7 + 0 + 63 + -43 - 3 - -35?
45
What is 102 - (281 + -160 + 86)?
-105
What is the value of -62 - (-73 - (-52 + 9))?
-32
2 + 116 - ((-7 - -31) + (-51 - (35 - 64)))
116
Evaluate 82 - (79 - (30 - -33)).
66
What is 3 + (-18 - -2) + 0 + 22 + -15 - 49?
-55
Calculate -119 + 23 + 3 + 72.
-21
What is (46 - (-61 + 121)) + -7 + -3?
-24
What is (-8 - (78 - 25)) + -5 + 13 + 3?
-50
What is 21 + 275 + -272 + (-2 - (2 + (3 - 7)))?
24
What is the value of 2 - 6 - (4 - 65)?
57
What is 8 + (21 - (-33 + -9))?
71
Calculate 8 - (-2 + 0 + 3 + (0 - (2 - 34))).
-25
Calculate -8 - (-1 - -1) - -31 - -34.
57
Evaluate (-27 - 12) + 14 + 21 - 106.
-110
Calculate -7 + 1 + -17 + (-86 - -45) + 52.
-12
11 - (12 + (21 - 22) + -15)
15
Calculate (19 + -16 + -7 - -8) + -23.
-19
What is the value of -1 + 24 + (30 - -61 - 79) + (1 - 13)?
23
(3742 - 3743) + -61 + 1
-61
(10 - 23) + (-3 - 6) - -48
26
What is (-836 - -861) + (-1 - -2 - 6 - (-56 + 54))?
22
Calculate 115 + 17 - (103 - 26).
55
-1 + 23 + (-19 + -31 - -27)
-1
(2 + -11 + 47 - 5 - 15) + -41
-23
Calculate -9 - (-59 + 1 + 17).
32
Calculate 1 - 15 - 34 - -22 - -46.
20
What is 5 + 32 + -2 + (6 - (8 + 11))?
22
What is (28 - 1) + -92 + 34?
-31
Calculate (0 - -14) + (53 - (-17 - -42)) + -5.
37
Calculate 5 - ((-24 - (14 + -15)) + -6 + 11).
23
Calculate (-80 - -78 - (3 - -8)) + 11 + 3.
1
Calculate -4 + 112 + 6 + -43.
71
What is -93 + (-26 + 33 - 28) + 48?
-66
Calculate 2 + 29 - (2 + -3 + -2 + 3).
31
Evaluate 140 + -78 + -55 - (-1 - (1 - 66)).
-57
Evaluate -28 + 34 + -27 - -31 - (-26 + 2).
34
What is -1 + 11 + (-47 - (3 + 10 - 4))?
-46
What is the value of 5 + (-58 - 49) + 87 + -1 + 17?
1
166 - (50 + -32) - 69
79
25 - -2 - (53 + -12 - 55)
41
What is the value of 50965 - 50890 - (0 + -41 + 0)?
116
Calculate (15 + (-5 + 29 - 37) - (-7 + 0)) + -24.
-15
Evaluate (-10 - 1) + (886 - 846).
29
Calculate (15 - 1 - (-469 + 495)) + 6.
-6
What is -7 + (12 - (3 + (3 - 52))) + -2 - -9?
58
Evaluate 6 + (1 - -17 - (149 + -77 + -60)).
12
Calculate 59 + -78 + (50 - (-12 - -17)).
26
Calculate 22 - (31 - (32 + -21)) - -18.
20
Calculate (27 - 1) + 4338 + -4379.
-15
What is 32 + (-15 - (-19 + 25)) + -110 + 0?
-99
What is (1 - 4 - 3) + -3 + (-32 - -17 - -12)?
-12
Calculate -28 + -12 + 2 - -55.
17
-46 + 14 + (4 - 26 - -14)
-40
What is -4 - (1 + (-2 - (-6 - 4) - 81) + 8)?
60
(-7 + -2 - (16 - 22) - -11) + 20 + 6
34
What is (-178 - -98) + ((-28 - -15) + 11 - (4 - 1))?
-85
What is the value of (-251 - -262) + (9 - 127)?
-107
What is 3 - 20 - (9 - (55 + -10))?
19
(-84 - -83) + (28 + 1 - (31 - 28))
25
What is 8 + 0 + -296 + 286?
-2
Calculate -89 + (46 - 35) + 44.
-34
What is the value of -11 + -36 + -116 + 40 + 22?
-101
What is the value of 14 - (25 + 1 + -12 + -21)?
21
What is -148 + (-281 + 288 - (0 + (1 + -8 - -4)))?
-138
Evaluate -24 + (-18 - 2 - -16) + 39.
11
Evaluate -6 + -1 + 0 + 19 + -799 + 902.
115
111 - (-29 + 34) - (28 - 3 - 11)
92
5 + -32 + (7 - -34) + -1 + -105 + -5
-97
Evaluate (8 - 44 - -27) + 128 + -3 + -1.
115
Calculate (-2 - -4 - ((2 - (-7 - -14)) + 13)) + 45.
39
Calculate (-14 - 9) + 27 + -54 + 1 + -10 + 12.
-47
36 - -29 - (29 - 3)
39
Evaluate -1 - -14 - (82 + (-10 + 7 + 10 - 5)).
-71
What is 55 + 6 + 18 + -11?
68
Evaluate -1 + 64 - (-2 + (-6 - -1) - (-94 + 96)).
72
What is the value of (-4 - -13) + 58 + -168?
-101
What is (-147 - 3) + (-550 - -627)?
-73
What is the value of 47 + -49 + 20 + -30?
-12
(-1 - 2 - -2 - ((-24 - -13) + 9)) + 1
2
What is the value of (3 - (4 + -1)) + 3 + 3 + (37 - 34)?
9
What is the value of 64 + -92 + 18 + 8 + 52?
50
Evaluate 3 - -54 - (-615 - -767).
-95
What is -2 + -66 + (21 + 2 - 3)?
-48
What is 30 + (0 - (17 - (-4 + 10))) + 15?
34
-76 + 28 + 14 - -17
-17
-22 - (69 + -255 + 89 + (-1 - -3))
73
Evaluate -27 - ((-15 - -25) + -58).
21
Calculate -10 + -101 + 7 - -13 - (-3 - 5 - 2).
-81
What is the value of (-9 - (-7 + (5 - 3))) + 4 - (266 - 198)?
-68
What is the value of 0 + -4 + -1277 + 1208 + (36 - 2)?
-39
What is (-197 - -175) + (-6 - -10 - -20)?
2
What is the value of 39 + -1 + -8 + 1 + -20 + 15?
26
What is (1 + 0 - 30) + (-2 - (-25 + 12))?
-18
What is -59 + (8 - (25 + -39))?
-37
What is (-128 - -83) + -9 + 5?
-49
Evaluate -12 + -97 - (31 - 20).
-120
Calculate (-27 - -103) + -76 + (-2 - 114 - (-6 + 3)).
-113
What is -1 + -52 - (-24 + -11